 and 2960?
80
Calculate the highest common divisor of 117 and 36.
9
What is the greatest common factor of 616 and 112?
56
What is the highest common divisor of 344 and 1892?
172
What is the greatest common divisor of 33 and 418?
11
What is the highest common divisor of 261 and 1368?
9
Calculate the highest common divisor of 22 and 704.
22
What is the greatest common factor of 28880 and 912?
304
Calculate the highest common factor of 928 and 145.
29
Calculate the highest common factor of 1598 and 34.
34
What is the highest common divisor of 12 and 1916?
4
Calculate the highest common divisor of 63 and 56.
7
Calculate the highest common divisor of 154 and 84.
14
What is the highest common divisor of 13 and 91559?
13
What is the highest common factor of 92 and 1150?
46
What is the greatest common factor of 28 and 525?
7
Calculate the highest common divisor of 220 and 792.
44
Calculate the greatest common factor of 4 and 440.
4
What is the highest common divisor of 286 and 598?
26
Calculate the greatest common factor of 26 and 9074.
26
What is the greatest common factor of 3200 and 125?
25
What is the greatest common factor of 28 and 8764?
28
Calculate the greatest common factor of 2226 and 84.
42
Calculate the highest common divisor of 27 and 27.
27
What is the highest common divisor of 260 and 5265?
65
What is the greatest common factor of 1410 and 10?
10
What is the greatest common divisor of 176 and 592?
16
Calculate the highest common divisor of 308 and 9460.
44
What is the greatest common divisor of 34 and 17?
17
What is the greatest common factor of 32 and 48?
16
Calculate the greatest common divisor of 34 and 1428.
34
Calculate the highest common divisor of 168 and 1064.
56
What is the highest common divisor of 1243 and 22?
11
Calculate the greatest common factor of 10 and 54.
2
What is the greatest common divisor of 225 and 25?
25
What is the greatest common factor of 21 and 51?
3
Calculate the highest common divisor of 44036 and 202.
202
What is the greatest common divisor of 50 and 220?
10
What is the highest common divisor of 7 and 16793?
7
Calculate the highest common factor of 195 and 21255.
195
Calculate the greatest common factor of 7 and 2527.
7
What is the greatest common divisor of 8 and 1832?
8
What is the greatest common factor of 42 and 8400?
42
Calculate the greatest common divisor of 72 and 666.
18
What is the highest common divisor of 85 and 136?
17
What is the greatest common factor of 528 and 96?
48
Calculate the greatest common factor of 112 and 1024.
16
Calculate the highest common divisor of 5985 and 60.
15
What is the highest common factor of 172 and 16254?
86
What is the highest common divisor of 368 and 16?
16
Calculate the highest common factor of 20 and 5.
5
Calculate the highest common divisor of 817 and 608.
19
What is the greatest common divisor of 273 and 1872?
39
Calculate the highest common factor of 5762 and 258.
86
What is the greatest common factor of 84 and 6951?
21
Calculate the greatest common divisor of 85 and 1360.
85
Calculate the greatest common divisor of 1643 and 62.
31
Calculate the highest common divisor of 300 and 120.
60
Calculate the highest common divisor of 2100 and 60.
60
Calculate the highest common divisor of 102 and 34.
34
Calculate the greatest common divisor of 312 and 1092.
156
Calculate the highest common divisor of 152 and 19.
19
Calculate the highest common divisor of 13 and 169.
13
What is the greatest common factor of 5 and 1715?
5
What is the highest common factor of 32 and 1360?
16
What is the greatest common divisor of 176 and 48?
16
Calculate the highest common factor of 1210 and 990.
110
Calculate the greatest common divisor of 84 and 111468.
84
Calculate the greatest common divisor of 20 and 8.
4
Calculate the highest common factor of 112 and 14.
14
What is the greatest common divisor of 578 and 2?
2
Calculate the highest common divisor of 392 and 728.
56
What is the highest common factor of 16 and 660?
4
Calculate the highest common divisor of 4 and 1.
1
Calculate the greatest common factor of 63 and 324.
9
Calculate the greatest common divisor of 27 and 885.
3
Calculate the greatest common divisor of 2156 and 147.
49
What is the greatest common divisor of 117 and 91?
13
Calculate the highest common divisor of 120 and 35520.
120
What is the highest common divisor of 18 and 738?
18
What is the greatest common divisor of 4 and 4252?
4
Calculate the highest common divisor of 14 and 91.
7
Calculate the highest common divisor of 248 and 16.
8
Calculate the greatest common factor of 306 and 36.
18
Calculate the greatest common divisor of 240 and 11952.
48
What is the highest common divisor of 621 and 138?
69
Calculate the highest common factor of 8 and 18.
2
What is the highest common factor of 225 and 25?
25
Calculate the highest common factor of 2736 and 72.
72
What is the greatest common divisor of 108 and 27?
27
What is the greatest common factor of 323 and 51?
17
Calculate the greatest common divisor of 24 and 5316.
12
What is the greatest common factor of 26 and 13?
13
Calculate the highest common factor of 184 and 136.
8
What is the highest common divisor of 1736 and 1116?
124
Calculate the highest common divisor of 912 and 1344.
48
Calculate the highest common factor of 3540 and 510.
30
What is the greatest common factor of 1020 and 96?
12
What is the greatest common factor of 1232 and 77?
77
Calculate the highest common factor of 75 and 705.
15
Calculate the greatest common divisor of 8 and 92.
4
What is the greatest common divisor of 905 and 4706?
181
Calculate the greatest common divisor of 28 and 2548.
28
Calculate the highest common divisor of 1715 and 315.
35
What is the greatest common factor of 26 and 4?
2
What is the greatest common divisor of 44 and 1012?
44
What is the highest common divisor of 475 and 38?
19
What is the greatest common factor of 1368 and 180?
36
Calculate the greatest common divisor of 552 and 4.
4
Calculate the highest common divisor of 9 and 40149.
9
Calculate the highest common factor of 608 and 190.
38
Calculate the highest common factor of 896 and 16.
16
Calculate the highest common divisor of 1751 and 17.
17
Calculate the highest common factor of 420 and 546.
42
What is the greatest common factor of 7 and 63?
7
Calculate the highest common factor of 574 and 123.
41
What is the highest common factor of 345 and 138?
69
Calculate the greatest common factor of 1606 and 22.
22
Calculate the highest common divisor of 8 and 3704.
8
What is the greatest common divisor of 4459 and 182?
91
What is the greatest common divisor of 21 and 399?
21
Calculate the greatest common factor of 20 and 20.
20
What is the highest common divisor of 5744 and 16?
16
What is the greatest common divisor of 1628 and 148?
148
Calculate the greatest common divisor of 13 and 9.
1
Calculate the highest common divisor of 180 and 18540.
180
Calculate the greatest common divisor of 23621 and 598.
299
What is the greatest common factor of 40 and 22150?
10
What is the greatest common divisor of 410 and 95?
5
Calculate the greatest common divisor of 6992 and 64.
16
Calculate the greatest common divisor of 68 and 85.
17
Calculate the highest common divisor of 60 and 345.
15
Calculate the greatest common factor of 312 and 48984.
312
Calculate the highest common factor of 112 and 140.
28
What is the greatest common divisor of 2624 and 864?
32
Calculate the highest common factor of 128 and 10.
2
What is the highest common factor of 34340 and 680?
340
What is the highest common divisor of 180 and 1860?
60
Calculate the greatest common factor of 4176 and 3393.
261
Calculate the highest common factor of 2280 and 20.
20
Calculate the greatest common factor of 90 and 36.
18
Calculate the greatest common divisor of 627 and 342.
57
What is the highest common divisor of 44 and 121?
11
What is the greatest common divisor of 196 and 5?
1
What is the highest common divisor of 143 and 8684?
13
What is the greatest common factor of 792 and 176?
88
Calculate the highest common factor of 430 and 90.
10
What is the greatest common divisor of 875 and 7?
7
What is the highest common factor of 20 and 6340?
20
Calculate the highest common factor of 21 and 133.
7
What is the greatest common fa